{"id":152,"date":"2016-10-16T14:03:57","date_gmt":"2016-10-16T14:03:57","guid":{"rendered":"https:\/\/blogit.itu.dk\/informedcitizens\/?page_id=152"},"modified":"2016-10-19T13:05:15","modified_gmt":"2016-10-19T13:05:15","slug":"didec-manifest","status":"publish","type":"page","link":"https:\/\/blogit.itu.dk\/informedcitizens\/didec-manifest\/","title":{"rendered":"DIDEC manifest"},"content":{"rendered":"[vc_row][vc_column width=&#8221;2\/3&#8243;][vc_custom_heading text=&#8221;Manifest&#8221; font_container=&#8221;tag:h1|font_size:50|text_align:left&#8221; google_fonts=&#8221;font_family:Montserrat%3Aregular%2C700|font_style:700%20bold%20regular%3A700%3Anormal&#8221;][vc_column_text]Oplyste borgere er en af grundstenene i et moderne demokrati, men det er f\u00e5 som stiller sp\u00f8rgsm\u00e5lstegn ved, hvad betyder det i praksis. Hvad pr\u00e6cist er en oplyst borger informeret om, og med hj\u00e6lp fra hvilke kilder?<\/p>\n<p>Disse er presserende sp\u00f8rgsm\u00e5l i vor tids samfund, ikke mindst fordi vores demokratiske model fordrer deltagelse og eksplicit understreger, at vi som informerede borgere udg\u00f8r grundstenene i et fungerende demokrati.<\/p>\n<p><strong><br \/>\nI paneldebatten vil vi stille sp\u00f8rgsm\u00e5lstegn ved disse fundamentale id\u00e9er om at v\u00e6re informeret:<\/strong><\/p>\n<p><em>Lider idealet om \u2018informerede borgere\u2019 tr\u00e6nge k\u00e5r i en tid med social media-\u00e6ra?\u00a0<\/em><\/p>\n<p><em>Hvordan underst\u00f8tter eller forhindrer moderne informationsteknologi mulighederne for at blive informeret?\u00a0<\/em><\/p>\n<p><em>Er det udelukkende et individuelt ansvar, at vi som borgere holder os informerede? Hvilken rolle spiller medierne, politikerne og deres spindoktorer i denne sammenh\u00e6ng?<\/em><\/p>\n<p><strong><br \/>\nUddannelse og diskussioner<\/strong><br \/>\nRousseau var en af de f\u00f8rste som advokerede for en demokratiopfattelse, hvor borgerskabet udvikledes gennem uddannelse og \u00e5bne og frie diskussioner. Gennem det seneste \u00e5rti har vi v\u00e6ret vidner til fundamentale forandringer af informationskilder, eksempelvis udviklingen fra det traditionelle avismedie til de sociale medier som Facebook. Sp\u00f8rgsm\u00e5let i denne sammenh\u00e6ng bliver, om det at holde sig informeret muligvis skal forst\u00e5es p\u00e5 nye m\u00e5der?<\/p>\n<p>Vi vil gerne ud fra et teknologisk perspektiv g\u00e5 p\u00e5 opdagelse i betydningerne af disse nye m\u00e5der at kommunikere og s\u00f8ge information p\u00e5. Hvis det at v\u00e6re informeret er en grundl\u00e6ggende faktor i et demokratisk samfund, er det s\u00e5 afg\u00f8rende, hvor vi henter vores information? Hvordan beslutter vi hvilken type information, der er vigtig til at aff\u00f8de informerede borgere?[\/vc_column_text][\/vc_column][vc_column width=&#8221;1\/3&#8243;][\/vc_column][\/vc_row]\n","protected":false},"excerpt":{"rendered":"<p>[vc_row][vc_column width=&#8221;2\/3&#8243;][vc_custom_heading text=&#8221;Manifest&#8221; font_container=&#8221;tag:h1|font_size:50|text_align:left&#8221; google_fonts=&#8221;font_family:Montserrat%3Aregular%2C700|font_style:700%20bold%20regular%3A700%3Anormal&#8221;][vc_column_text]Oplyste borgere er en af grundstenene i et moderne demokrati, men det er f\u00e5 som stiller sp\u00f8rgsm\u00e5lstegn ved, hvad betyder det i praksis. Hvad pr\u00e6cist er [&hellip;]<\/p>\n","protected":false},"author":76,"featured_media":0,"parent":0,"menu_order":0,"comment_status":"closed","ping_status":"closed","template":"home_vc_template.php","meta":{"ngg_post_thumbnail":0,"jetpack_post_was_ever_published":false,"footnotes":""},"class_list":["post-152","page","type-page","status-publish","hentry"],"jetpack_sharing_enabled":true,"jetpack_shortlink":"https:\/\/wp.me\/P84FDf-2s","_links":{"self":[{"href":"https:\/\/blogit.itu.dk\/informedcitizens\/wp-json\/wp\/v2\/pages\/152","targetHints":{"allow":["GET"]}}],"collection":[{"href":"https:\/\/blogit.itu.dk\/informedcitizens\/wp-json\/wp\/v2\/pages"}],"about":[{"href":"https:\/\/blogit.itu.dk\/informedcitizens\/wp-json\/wp\/v2\/types\/page"}],"author":[{"embeddable":true,"href":"https:\/\/blogit.itu.dk\/informedcitizens\/wp-json\/wp\/v2\/users\/76"}],"replies":[{"embeddable":true,"href":"https:\/\/blogit.itu.dk\/informedcitizens\/wp-json\/wp\/v2\/comments?post=152"}],"version-history":[{"count":7,"href":"https:\/\/blogit.itu.dk\/informedcitizens\/wp-json\/wp\/v2\/pages\/152\/revisions"}],"predecessor-version":[{"id":220,"href":"https:\/\/blogit.itu.dk\/informedcitizens\/wp-json\/wp\/v2\/pages\/152\/revisions\/220"}],"wp:attachment":[{"href":"https:\/\/blogit.itu.dk\/informedcitizens\/wp-json\/wp\/v2\/media?parent=152"}],"curies":[{"name":"wp","href":"https:\/\/api.w.org\/{rel}","templated":true}]}}